Dec 02 02:30:25.459 INFO testing Undin/rust-leaflet-features against master#8940af3cea4a9a9deabcaf843b2f8cad9a83fc61 for beta-1.31-5
Dec 02 02:30:25.459 INFO running `"docker" "create" "-v" "/mnt/big/crater/work/local/target-dirs/beta-1.31-5/worker-7/master#8940af3cea4a9a9deabcaf843b2f8cad9a83fc61:/target:rw,Z" "-v" "/mnt/big/crater/work/local/test-source/worker-7/beta-1.31-5/master#8940af3cea4a9a9deabcaf843b2f8cad9a83fc61:/source:ro,Z" "-v" "/mnt/big/crater/work/local/cargo-home:/cargo-home:ro,Z" "-v" "/mnt/big/crater/work/local/rustup-home:/rustup-home:ro,Z" "-e" "USER_ID=1000" "-e" "SOURCE_DIR=/source" "-e" "USER_ID=1000" "-e" "CMD=cargo +8940af3cea4a9a9deabcaf843b2f8cad9a83fc61-alt build --frozen" "-e" "CARGO_TARGET_DIR=/target" "-e" "CARGO_INCREMENTAL=0" "-e" "RUST_BACKTRACE=full" "-e" "RUSTFLAGS=--cap-lints=warn" "-e" "CARGO_HOME=/cargo-home" "-e" "RUSTUP_HOME=/rustup-home" "-m" "1536M" "--network" "none" "crater"`
Dec 02 02:30:25.888 INFO [stdout] 63b0ab25f9d4f670a763711fc784d59687f7427f47aab5a75fbb7a26467a1ed6
Dec 02 02:30:25.893 INFO running `"docker" "start" "-a" "63b0ab25f9d4f670a763711fc784d59687f7427f47aab5a75fbb7a26467a1ed6"`
Dec 02 02:30:27.359 INFO [stderr] usermod: no changes
Dec 02 02:30:27.515 INFO [stderr]    Compiling diesel_derives v1.3.0
Dec 02 02:30:36.091 INFO [stderr]    Compiling diesel v1.3.3
Dec 02 02:31:04.337 INFO [stderr]    Compiling rust-leaflet-features v0.1.0 (/source)
Dec 02 02:31:04.881 INFO [stderr]     Finished dev [unoptimized + debuginfo] target(s) in 37.50s
Dec 02 02:31:04.883 INFO [stderr] su: No module specific data is present
Dec 02 02:31:05.185 INFO running `"docker" "inspect" "63b0ab25f9d4f670a763711fc784d59687f7427f47aab5a75fbb7a26467a1ed6"`
Dec 02 02:31:05.260 INFO running `"docker" "rm" "-f" "63b0ab25f9d4f670a763711fc784d59687f7427f47aab5a75fbb7a26467a1ed6"`
Dec 02 02:31:05.330 INFO [stdout] 63b0ab25f9d4f670a763711fc784d59687f7427f47aab5a75fbb7a26467a1ed6
Dec 02 02:31:05.333 INFO running `"docker" "create" "-v" "/mnt/big/crater/work/local/target-dirs/beta-1.31-5/worker-7/master#8940af3cea4a9a9deabcaf843b2f8cad9a83fc61:/target:rw,Z" "-v" "/mnt/big/crater/work/local/test-source/worker-7/beta-1.31-5/master#8940af3cea4a9a9deabcaf843b2f8cad9a83fc61:/source:ro,Z" "-v" "/mnt/big/crater/work/local/cargo-home:/cargo-home:ro,Z" "-v" "/mnt/big/crater/work/local/rustup-home:/rustup-home:ro,Z" "-e" "USER_ID=1000" "-e" "SOURCE_DIR=/source" "-e" "USER_ID=1000" "-e" "CMD=cargo +8940af3cea4a9a9deabcaf843b2f8cad9a83fc61-alt test --frozen --no-run" "-e" "CARGO_TARGET_DIR=/target" "-e" "CARGO_INCREMENTAL=0" "-e" "RUST_BACKTRACE=full" "-e" "RUSTFLAGS=--cap-lints=warn" "-e" "CARGO_HOME=/cargo-home" "-e" "RUSTUP_HOME=/rustup-home" "-m" "1536M" "--network" "none" "crater"`
Dec 02 02:31:05.534 INFO [stdout] aec84e7cd32b614e28b2659ad6f6f5547089a5f3047022a2a5ef438acd24c2f7
Dec 02 02:31:05.537 INFO running `"docker" "start" "-a" "aec84e7cd32b614e28b2659ad6f6f5547089a5f3047022a2a5ef438acd24c2f7"`
Dec 02 02:31:05.935 INFO [stderr] usermod: no changes
Dec 02 02:31:05.979 INFO [stderr]    Compiling rust-leaflet-features v0.1.0 (/source)
Dec 02 02:31:06.423 INFO [stderr] error[E0601]: `main` function not found in crate `completion`
Dec 02 02:31:06.423 INFO [stderr]   |
Dec 02 02:31:06.423 INFO [stderr]   = note: consider adding a `main` function to `examples/completion.rs`
Dec 02 02:31:06.423 INFO [stderr] 
Dec 02 02:31:06.458 INFO [stderr] error[E0609]: no field `ma` on type `std::str::Lines<'_>`
Dec 02 02:31:06.458 INFO [stderr]  --> examples/completion.rs:3:15
Dec 02 02:31:06.458 INFO [stderr]   |
Dec 02 02:31:06.458 INFO [stderr] 3 |     s.lines().ma
Dec 02 02:31:06.458 INFO [stderr]   |               ^^ unknown field
Dec 02 02:31:06.458 INFO [stderr] 
Dec 02 02:31:06.458 INFO [stderr] error: aborting due to 2 previous errors
Dec 02 02:31:06.458 INFO [stderr] 
Dec 02 02:31:06.458 INFO [stderr] Some errors occurred: E0601, E0609.
Dec 02 02:31:06.458 INFO [stderr] For more information about an error, try `rustc --explain E0601`.
Dec 02 02:31:06.459 INFO [stderr] error: Could not compile `rust-leaflet-features`.
Dec 02 02:31:06.459 INFO [stderr] warning: build failed, waiting for other jobs to finish...
Dec 02 02:31:06.471 INFO [stderr] error[E0601]: `main` function not found in crate `tests`
Dec 02 02:31:06.471 INFO [stderr]   |
Dec 02 02:31:06.471 INFO [stderr]   = note: consider adding a `main` function to `examples/tests.rs`
Dec 02 02:31:06.471 INFO [stderr] 
Dec 02 02:31:06.475 INFO [stderr] error: aborting due to previous error
Dec 02 02:31:06.475 INFO [stderr] 
Dec 02 02:31:06.475 INFO [stderr] For more information about this error, try `rustc --explain E0601`.
Dec 02 02:31:06.481 INFO [stderr] error: Could not compile `rust-leaflet-features`.
Dec 02 02:31:06.481 INFO [stderr] warning: build failed, waiting for other jobs to finish...
Dec 02 02:31:06.496 INFO [stderr] error[E0433]: failed to resolve: use of undeclared type or module `Arc`
Dec 02 02:31:06.496 INFO [stderr]  --> examples/quick_fixes.rs:5:19
Dec 02 02:31:06.496 INFO [stderr]   |
Dec 02 02:31:06.496 INFO [stderr] 5 |     let counter = Arc::new(Mutex::new(0));
Dec 02 02:31:06.496 INFO [stderr]   |                   ^^^ use of undeclared type or module `Arc`
Dec 02 02:31:06.496 INFO [stderr] 
Dec 02 02:31:06.504 INFO [stderr] error[E0046]: not all trait items implemented, missing: `from`
Dec 02 02:31:06.504 INFO [stderr]   --> examples/quick_fixes.rs:17:1
Dec 02 02:31:06.505 INFO [stderr]    |
Dec 02 02:31:06.505 INFO [stderr] 17 | impl From<(i32, i32)> for Point {
Dec 02 02:31:06.505 INFO [stderr]    | ^^^^^^^^^^^^^^^^^^^^^^^^^^^^^^^ missing `from` in implementation
Dec 02 02:31:06.505 INFO [stderr]    |
Dec 02 02:31:06.505 INFO [stderr]    = note: `from` from trait: `fn(T) -> Self`
Dec 02 02:31:06.505 INFO [stderr] 
Dec 02 02:31:06.507 INFO [stderr] error: aborting due to 2 previous errors
Dec 02 02:31:06.507 INFO [stderr] 
Dec 02 02:31:06.507 INFO [stderr] Some errors occurred: E0046, E0433.
Dec 02 02:31:06.507 INFO [stderr] For more information about an error, try `rustc --explain E0046`.
Dec 02 02:31:06.511 INFO [stderr] error: Could not compile `rust-leaflet-features`.
Dec 02 02:31:06.511 INFO [stderr] warning: build failed, waiting for other jobs to finish...
Dec 02 02:31:06.532 INFO [stderr] warning: variable does not need to be mutable
Dec 02 02:31:06.532 INFO [stderr]  --> examples/debug.rs:4:9
Dec 02 02:31:06.532 INFO [stderr]   |
Dec 02 02:31:06.532 INFO [stderr] 4 |     let mut v = parse_users("
Dec 02 02:31:06.532 INFO [stderr]   |         ----^
Dec 02 02:31:06.532 INFO [stderr]   |         |
Dec 02 02:31:06.532 INFO [stderr]   |         help: remove this `mut`
Dec 02 02:31:06.532 INFO [stderr]   |
Dec 02 02:31:06.532 INFO [stderr]   = note: #[warn(unused_mut)] on by default
Dec 02 02:31:06.532 INFO [stderr] 
Dec 02 02:31:06.679 INFO [stderr] warning: cannot find type `table` in this scope
Dec 02 02:31:06.679 INFO [stderr]    --> <::diesel::macros::table_body macros>:165:33
Dec 02 02:31:06.679 INFO [stderr]     |
Dec 02 02:31:06.679 INFO [stderr] 165 | derive ( Debug , Clone , Copy , QueryId ) ] /// The actual table struct
Dec 02 02:31:06.679 INFO [stderr]     |                                 ^^^^^^^ names from parent modules are not accessible without an explicit import
Dec 02 02:31:06.679 INFO [stderr]     |
Dec 02 02:31:06.679 INFO [stderr]     = note: #[warn(proc_macro_derive_resolution_fallback)] on by default
Dec 02 02:31:06.679 INFO [stderr]     = warning: this was previously accepted by the compiler but is being phased out; it will become a hard error in a future release!
Dec 02 02:31:06.679 INFO [stderr]     = note: for more information, see issue #50504 <https://github.com/rust-lang/rust/issues/50504>
Dec 02 02:31:06.679 INFO [stderr] 
Dec 02 02:31:06.679 INFO [stderr] warning: cannot find type `table` in this scope
Dec 02 02:31:06.679 INFO [stderr]    --> <::diesel::macros::table_body macros>:165:33
Dec 02 02:31:06.679 INFO [stderr]     |
Dec 02 02:31:06.679 INFO [stderr] 165 | derive ( Debug , Clone , Copy , QueryId ) ] /// The actual table struct
Dec 02 02:31:06.679 INFO [stderr]     |                                 ^^^^^^^ names from parent modules are not accessible without an explicit import
Dec 02 02:31:06.679 INFO [stderr]     |
Dec 02 02:31:06.679 INFO [stderr]     = warning: this was previously accepted by the compiler but is being phased out; it will become a hard error in a future release!
Dec 02 02:31:06.679 INFO [stderr]     = note: for more information, see issue #50504 <https://github.com/rust-lang/rust/issues/50504>
Dec 02 02:31:06.679 INFO [stderr] 
Dec 02 02:31:06.679 INFO [stderr] warning: cannot find type `user_id` in this scope
Dec 02 02:31:06.679 INFO [stderr]  --> <::diesel::macros::__diesel_column macros>:5:33
Dec 02 02:31:06.679 INFO [stderr]   |
Dec 02 02:31:06.679 INFO [stderr] 5 | derive ( Debug , Clone , Copy , QueryId , Default ) ] pub struct $ column_name
Dec 02 02:31:06.679 INFO [stderr]   |                                 ^^^^^^^ names from parent modules are not accessible without an explicit import
Dec 02 02:31:06.679 INFO [stderr]   |
Dec 02 02:31:06.679 INFO [stderr]   = warning: this was previously accepted by the compiler but is being phased out; it will become a hard error in a future release!
Dec 02 02:31:06.679 INFO [stderr]   = note: for more information, see issue #50504 <https://github.com/rust-lang/rust/issues/50504>
Dec 02 02:31:06.679 INFO [stderr] 
Dec 02 02:31:06.679 INFO [stderr] warning: cannot find type `post_id` in this scope
Dec 02 02:31:06.679 INFO [stderr]  --> <::diesel::macros::__diesel_column macros>:5:33
Dec 02 02:31:06.679 INFO [stderr]   |
Dec 02 02:31:06.679 INFO [stderr] 5 | derive ( Debug , Clone , Copy , QueryId , Default ) ] pub struct $ column_name
Dec 02 02:31:06.679 INFO [stderr]   |                                 ^^^^^^^ names from parent modules are not accessible without an explicit import
Dec 02 02:31:06.679 INFO [stderr]   |
Dec 02 02:31:06.679 INFO [stderr]   = warning: this was previously accepted by the compiler but is being phased out; it will become a hard error in a future release!
Dec 02 02:31:06.679 INFO [stderr]   = note: for more information, see issue #50504 <https://github.com/rust-lang/rust/issues/50504>
Dec 02 02:31:06.679 INFO [stderr] 
Dec 02 02:31:06.679 INFO [stderr] warning: cannot find type `favorited` in this scope
Dec 02 02:31:06.679 INFO [stderr]  --> <::diesel::macros::__diesel_column macros>:5:33
Dec 02 02:31:06.679 INFO [stderr]   |
Dec 02 02:31:06.679 INFO [stderr] 5 | derive ( Debug , Clone , Copy , QueryId , Default ) ] pub struct $ column_name
Dec 02 02:31:06.679 INFO [stderr]   |                                 ^^^^^^^ names from parent modules are not accessible without an explicit import
Dec 02 02:31:06.679 INFO [stderr]   |
Dec 02 02:31:06.679 INFO [stderr]   = warning: this was previously accepted by the compiler but is being phased out; it will become a hard error in a future release!
Dec 02 02:31:06.679 INFO [stderr]   = note: for more information, see issue #50504 <https://github.com/rust-lang/rust/issues/50504>
Dec 02 02:31:06.679 INFO [stderr] 
Dec 02 02:31:07.134 INFO [stderr] error: build failed
Dec 02 02:31:07.136 INFO [stderr] su: No module specific data is present
Dec 02 02:31:07.678 INFO running `"docker" "inspect" "aec84e7cd32b614e28b2659ad6f6f5547089a5f3047022a2a5ef438acd24c2f7"`
Dec 02 02:31:07.756 INFO running `"docker" "rm" "-f" "aec84e7cd32b614e28b2659ad6f6f5547089a5f3047022a2a5ef438acd24c2f7"`
Dec 02 02:31:07.910 INFO [stdout] aec84e7cd32b614e28b2659ad6f6f5547089a5f3047022a2a5ef438acd24c2f7
